{"id":7,"date":"2016-02-12T11:57:48","date_gmt":"2016-02-12T10:57:48","guid":{"rendered":"http:\/\/www.zab-scheel.de\/?page_id=7"},"modified":"2025-07-16T08:19:09","modified_gmt":"2025-07-16T06:19:09","slug":"leistungen","status":"publish","type":"page","link":"https:\/\/www.zab-scheel.de\/index.php\/leistungen\/","title":{"rendered":"Leistungen"},"content":{"rendered":"<p style=\"text-align: center;\"><em><strong>Wir sind gerade in der \u00dcberarbeitung unserer Seite!<\/strong><\/em><\/p>\n<p>Unser Team ber\u00e4t Ihr Unternehmen zu allen Fragen des betrieblichen Gesundheitsschutzes und der Arbeitssicherheit. Sie k\u00f6nnen f\u00fcr Ihren Betrieb die Betriebs\u00e4rztin und die Fachkraft f\u00fcr Arbeitssicherheit einzeln oder gemeinsam oder nur bei besonderen Anl\u00e4ssen (z.B. arbeitsmedizinische Vorsorge) mit der Betreuung Ihres Unternehmens beauftragen.<\/p>\n<p>Unterweisungen, Schulungen und Ausbildung zum Brandschutzbeauftragten oder betrieblichen Ersthelfer f\u00fchren wir gern f\u00fcr Sie durch.<\/p>\n<p>Gern stehen wir Ihnen pers\u00f6nlich zur Verf\u00fcgung. Am einfachsten ist es uns unter info@zab-scheel. de zu erreichen.<\/p>\n<p>Vielen Dank f\u00fcr Ihr Verst\u00e4ndnis!<\/p>\n","protected":false},"excerpt":{"rendered":"<p>Wir sind gerade in der \u00dcberarbeitung unserer Seite! Unser Team ber\u00e4t Ihr Unternehmen zu allen Fragen des betrieblichen Gesundheitsschutzes und der Arbeitssicherheit. Sie k\u00f6nnen f\u00fcr Ihren Betrieb die Betriebs\u00e4rztin und die Fachkraft f\u00fcr Arbeitssicherheit einzeln oder gemeinsam oder nur bei besonderen Anl\u00e4ssen (z.B. arbeitsmedizinische Vorsorge) mit der Betreuung Ihres Unternehmens beauftragen. Unterweisungen, Schulungen und Ausbildung [&hellip;]<\/p>\n","protected":false},"author":7,"featured_media":0,"parent":0,"menu_order":1,"comment_status":"closed","ping_status":"closed","template":"","meta":{"footnotes":""},"class_list":["post-7","page","type-page","status-publish","hentry"],"_links":{"self":[{"href":"https:\/\/www.zab-scheel.de\/index.php\/wp-json\/wp\/v2\/pages\/7","targetHints":{"allow":["GET"]}}],"collection":[{"href":"https:\/\/www.zab-scheel.de\/index.php\/wp-json\/wp\/v2\/pages"}],"about":[{"href":"https:\/\/www.zab-scheel.de\/index.php\/wp-json\/wp\/v2\/types\/page"}],"author":[{"embeddable":true,"href":"https:\/\/www.zab-scheel.de\/index.php\/wp-json\/wp\/v2\/users\/7"}],"replies":[{"embeddable":true,"href":"https:\/\/www.zab-scheel.de\/index.php\/wp-json\/wp\/v2\/comments?post=7"}],"version-history":[{"count":7,"href":"https:\/\/www.zab-scheel.de\/index.php\/wp-json\/wp\/v2\/pages\/7\/revisions"}],"predecessor-version":[{"id":302,"href":"https:\/\/www.zab-scheel.de\/index.php\/wp-json\/wp\/v2\/pages\/7\/revisions\/302"}],"wp:attachment":[{"href":"https:\/\/www.zab-scheel.de\/index.php\/wp-json\/wp\/v2\/media?parent=7"}],"curies":[{"name":"wp","href":"https:\/\/api.w.org\/{rel}","templated":true}]}}